{"id":356,"date":"2024-03-25T14:14:44","date_gmt":"2024-03-25T13:14:44","guid":{"rendered":"https:\/\/www.computer-technik-krause.de\/?page_id=356"},"modified":"2025-10-14T13:04:41","modified_gmt":"2025-10-14T11:04:41","slug":"betreuung-und-wartung","status":"publish","type":"page","link":"https:\/\/www.computer-technik-krause.de\/index.php\/betreuung-und-wartung\/","title":{"rendered":"Beratung und Betreuung"},"content":{"rendered":"<div data-colibri-id=\"356-c1\" class=\"style-727 style-local-356-c1 position-relative\">\r\n  <!---->\r\n  <div data-colibri-component=\"section\" data-colibri-id=\"356-c2\" id=\"features\" class=\"h-section h-section-global-spacing d-flex align-items-lg-center align-items-md-center align-items-center style-728 style-local-356-c2 position-relative\">\r\n    <!---->\r\n    <!---->\r\n    <div class=\"h-section-grid-container h-section-boxed-container\">\r\n      <!---->\r\n      <div data-colibri-id=\"356-c3\" class=\"h-row-container gutters-row-lg-2 gutters-row-md-2 gutters-row-0 gutters-row-v-lg-2 gutters-row-v-md-2 gutters-row-v-2 style-729 style-local-356-c3 position-relative\">\r\n        <!---->\r\n        <div class=\"h-row justify-content-lg-center justify-content-md-center justify-content-center align-items-lg-stretch align-items-md-stretch align-items-stretch gutters-col-lg-2 gutters-col-md-2 gutters-col-0 gutters-col-v-lg-2 gutters-col-v-md-2 gutters-col-v-2\">\r\n          <!---->\r\n          <div class=\"h-column h-column-container d-flex h-col-lg-auto h-col-md-auto h-col-auto style-730-outer style-local-356-c4-outer\">\r\n            <div data-colibri-id=\"356-c4\" class=\"d-flex h-flex-basis h-column__inner h-px-lg-2 h-px-md-2 h-px-2 v-inner-lg-2 v-inner-md-2 v-inner-2 style-730 style-local-356-c4 position-relative\">\r\n              <!---->\r\n              <!---->\r\n              <div class=\"w-100 h-y-container h-column__content h-column__v-align flex-basis-100 align-self-lg-start align-self-md-start align-self-start\">\r\n                <!---->\r\n                <div data-colibri-component=\"tabs\" data-colibri-id=\"356-c5\" class=\"h-tabs h-tabs-horizontal h-tabs--horizontal--stretch-lg h-tabs--horizontal--stretch-md h-tabs--horizontal--full h-tabs h-tabs-horizontal h-tabs--horizontal--stretch-lg h-tabs--horizontal--stretch-md h-tabs--horizontal--full style-731 style-local-356-c5 position-relative h-element\">\r\n                  <!---->\r\n                  <div class=\"h-tabs-navigation d-flex h-tabs-navigation-horizontal\">\r\n                    <a href=\"#betreuung\" class=\"h-tabs-navigation-item d-flex align-items-center h-global-transition h-tabs-navigation-active-item h-custom-active-state\" rel=\"#betreuung\">\r\n                      <!----><span class=\"h-tabs-navigation-item__text\">Betreuung<\/span><\/a>\r\n                    <a href=\"#anwendersupport-2\" class=\"h-tabs-navigation-item d-flex align-items-center h-global-transition\" rel=\"#anwendersupport-2\">\r\n                      <!----><span class=\"h-tabs-navigation-item__text\">Anwendersupport<\/span><\/a>\r\n                    <a href=\"#wartung\" class=\"h-tabs-navigation-item d-flex align-items-center h-global-transition\" rel=\"#wartung\">\r\n                      <!----><span class=\"h-tabs-navigation-item__text\">Wartung<\/span><\/a>\r\n                  <\/div>\r\n                  <div id=\"betreuung\" skip-smooth-scroll=\"true\" skip-scroll-spy=\"true\" data-colibri-id=\"356-c6\" class=\"h-tabs-item-content h-tabs-item h-tabs-content-horizontal h-tabs-content-356-c6 style-732 style-local-356-c6 position-relative h-element h-tabs-content-active\">\r\n                    <!---->\r\n                    <div class=\"w-100 h-y-container\">\r\n                      <!---->\r\n                      <div data-colibri-id=\"356-c7\" class=\"h-row-container gutters-row-lg-3 gutters-row-md-3 gutters-row-2 gutters-row-v-lg-3 gutters-row-v-md-3 gutters-row-v-2 style-733 style-local-356-c7 position-relative\">\r\n                        <!---->\r\n                        <div class=\"h-row justify-content-lg-center justify-content-md-center justify-content-center align-items-lg-stretch align-items-md-stretch align-items-stretch gutters-col-lg-3 gutters-col-md-3 gutters-col-2 gutters-col-v-lg-3 gutters-col-v-md-3 gutters-col-v-2\">\r\n                          <!---->\r\n                          <div class=\"h-column h-column-container d-flex h-col-lg-auto h-col-md-auto h-col-auto style-734-outer style-local-356-c8-outer\">\r\n                            <div data-colibri-id=\"356-c8\" class=\"d-flex h-flex-basis h-column__inner h-px-lg-2 h-px-md-2 h-px-2 v-inner-lg-2 v-inner-md-2 v-inner-2 style-734 style-local-356-c8 position-relative\">\r\n                              <!---->\r\n                              <!---->\r\n                              <div class=\"w-100 h-y-container h-column__content h-column__v-align flex-basis-100 align-self-lg-start align-self-md-start align-self-start\">\r\n                                <!---->\r\n                                <div data-colibri-id=\"356-c9\" class=\"h-global-transition-all h-heading style-735 style-local-356-c9 position-relative h-element\">\r\n                                  <!---->\r\n                                  <div class=\"h-heading__outer style-735 style-local-356-c9\">\r\n                                    <!---->\r\n                                    <!---->\r\n                                    <h4 class=\"\">Unser Team von erfahrenen Systeminformatiker steht f\u00fcr die Betreuung und Wartung Ihrer IT-Anlage bereit.<\/h4>\r\n                                  <\/div>\r\n                                <\/div>\r\n                                <div data-colibri-id=\"356-c10\" class=\"h-text h-text-component style-736 style-local-356-c10 position-relative h-element\">\r\n                                  <!---->\r\n                                  <!---->\r\n                                  <div class=\"\">\r\n                                    <h5>NETZWERKE<\/h5>\r\n                                    <p>Wir betreuen und warten Ihr Netzwerk so, dass ein gr\u00f6\u00dftm\u00f6glicher Schutz vor Ausfall des Systems oder einzelner Komponenten gegeben ist. Dazu setzen wir spezielle Software ein, die sich anbahnende Probleme fr\u00fchzeitig\r\n                                      erkennt und an uns meldet.<\/p>\r\n                                    <h5>ARBEITSPLATZ-EINRICHTUNG<\/h5>\r\n                                    <p>Wir richten Arbeitspl\u00e4tze gem\u00e4\u00df Ihren individuellen Anforderung an den einzelnen Mitarbeiter ein. Das kann ein Standard sein, den wir vorher gemeinsam mit Ihnen festlegen, oder aber ein hochspezialisierter Arbeitsplatz,\r\n                                      was Hardware, Software und Zugriffsrechte anbelangt<\/p>\r\n                                    <h5>FERNWARTUNG<\/h5>\r\n                                    <p>F\u00fcr viele Arbeiten kann aber auch die M\u00f6glichkeit der Fernwartung genutzt werden. Das spart die Anfahrt und die Terminierung wird dadurch ebenfalls flexibler. Der betreffende Rechner wird daf\u00fcr durch eine, nur f\u00fcr diesen\r\n                                      Vorgang g\u00fcltige, Zertifizierung mit einem unserer Rechner verbunden.<\/p>\r\n                                    <h5>VOR ORT<\/h5>\r\n                                    <p>Manche Wartungsarbeiten k\u00f6nnen nur vor Ort durchgef\u00fchrt werden. Daf\u00fcr stehen wir bei Bedarf nat\u00fcrlich jederzeit bereit.<\/p>\r\n                                  <\/div>\r\n                                <\/div>\r\n                              <\/div>\r\n                            <\/div>\r\n                          <\/div>\r\n                        <\/div>\r\n                      <\/div>\r\n                    <\/div>\r\n                  <\/div>\r\n                  <div id=\"anwendersupport-2\" skip-smooth-scroll=\"true\" skip-scroll-spy=\"true\" data-colibri-id=\"356-c11\" class=\"h-tabs-item-content h-tabs-item h-tabs-content-horizontal h-tabs-content-356-c11 style-737 style-local-356-c11 position-relative h-element hide\">\r\n                    <!---->\r\n                    <div class=\"w-100 h-y-container\">\r\n                      <!---->\r\n                      <div data-colibri-id=\"356-c12\" class=\"h-row-container gutters-row-lg-3 gutters-row-md-3 gutters-row-2 gutters-row-v-lg-3 gutters-row-v-md-3 gutters-row-v-2 style-738 style-local-356-c12 position-relative\">\r\n                        <!---->\r\n                        <div class=\"h-row justify-content-lg-center justify-content-md-center justify-content-center align-items-lg-stretch align-items-md-stretch align-items-stretch gutters-col-lg-3 gutters-col-md-3 gutters-col-2 gutters-col-v-lg-3 gutters-col-v-md-3 gutters-col-v-2\">\r\n                          <!---->\r\n                          <div class=\"h-column h-column-container d-flex h-col-lg-auto h-col-md-auto h-col-auto style-739-outer style-local-356-c13-outer\">\r\n                            <div data-colibri-id=\"356-c13\" class=\"d-flex h-flex-basis h-column__inner h-px-lg-2 h-px-md-2 h-px-2 v-inner-lg-2 v-inner-md-2 v-inner-2 style-739 style-local-356-c13 position-relative\">\r\n                              <!---->\r\n                              <!---->\r\n                              <div class=\"w-100 h-y-container h-column__content h-column__v-align flex-basis-100 align-self-lg-start align-self-md-start align-self-start\">\r\n                                <!---->\r\n                                <div data-colibri-id=\"356-c14\" class=\"h-global-transition-all h-heading style-740 style-local-356-c14 position-relative h-element\">\r\n                                  <!---->\r\n                                  <div class=\"h-heading__outer style-740 style-local-356-c14\">\r\n                                    <!---->\r\n                                    <!---->\r\n                                    <h4 class=\"\">Sie kennen das: Sie m\u00f6chten etwas Bestimmtes am Rechner machen und es geht einfach nicht. Warum auch immer. Dann versuchen Sie das Problem zu l\u00f6sen \u2013 recherchieren, testen, recherchieren wieder, testen wieder usw.,\r\n                                      bis Sie es entnervt sein lassen. Die einen geben dann auf und sagen auch nach Jahren noch zu Kollegen, dass das an diesem Rechner eben nicht geht<\/h4>\r\n                                  <\/div>\r\n                                <\/div>\r\n                                <div data-colibri-id=\"356-c15\" class=\"h-text h-text-component style-741 style-local-356-c15 position-relative h-element\">\r\n                                  <!---->\r\n                                  <!---->\r\n                                  <div class=\"\">\r\n                                    <h5>MITARBEITERBETREUUNG<\/h5>\r\n                                    <p>Egal was f\u00fcr ein Problem Sie mit Ihrem Rechner haben. Sp\u00e4testens wenn nach einer halben Stunde immer noch keine L\u00f6sung in Sicht ist, rufen Sie uns bitte an.<\/p>\r\n                                    <h5>L\u00d6SUNG VON REMOTE-ZUGANGSPROBLEMEN<\/h5>\r\n                                    <p>Wenn Sie von au\u00dfen keinen Zugriff mehr auf Ihr Netzwerk oder Ihren Rechner haben.<\/p>\r\n                                    <h5>ANMELDEPROBLEME<\/h5>\r\n                                    <p>Wenn Sie sich nicht mehr an Ihrem Arbeitsplatz anmelden k\u00f6nnen, oder keinen Zugriff mehr auf das Netzwerk haben.<\/p>\r\n                                    <h5>PROBLEME BEI SMARTPHONE<\/h5>\r\n                                    <p>Wir unterst\u00fctzen die in&nbsp;allen Smartphone belangen.\r\n                                      <br>\r\n                                    <\/p>\r\n                                    <h5>DRUCKERPROBLEME<\/h5>\r\n                                    <p>Wenn Druckauftr\u00e4ge nicht mehr zum Drucker weitergeleitet werden, aber auch, wenn der Drucker Ger\u00e4usche macht, sich gar nichts mehr regt, oder bei einem anderen Problem mit dem Drucker.<\/p>\r\n                                    <h5>RESTORE AUS BACKUP-DATEIEN<\/h5>\r\n                                    <p>Wenn Sie aus irgendeinem Grund einen Datenverlust erlitten haben. Wir stellen Ihre Daten aus einem Backup wieder her, sodass Sie weiterarbeiten k\u00f6nnen.<\/p>\r\n                                    <h5>SCHULEN UND BERATEN<\/h5>\r\n                                    <p>Wir schulen Sie und Ihre Mitarbeiter im Umgang mit Computern, Ger\u00e4ten und Anwendungen f\u00fcr die t\u00e4gliche Arbeit.<\/p>\r\n                                    <h5>HILFESTELLUNG BEI INDIVIDUELLEN PROBLEMEN UND FEHLERN<\/h5>\r\n                                    <p>Was auch immer Ihr Rechner macht oder nicht macht, von dem Sie nicht wollen, dass er es macht oder nicht macht \u2013 wir finden eine L\u00f6sung daf\u00fcr.<\/p>\r\n                                    <h5>INTERNETPROBLEME (ROUTER)<\/h5>\r\n                                    <p>Das Internet \u201eist weg\u201c, Ihr WLAN funktioniert nicht mehr, oder Ihre Telefonanlage verh\u00e4lt sich merkw\u00fcrdig? Wir helfen gern.<\/p>\r\n                                    <h5>VIREN<\/h5>\r\n                                    <p>Ihr Rechner verh\u00e4lt sich merkw\u00fcrdig, oder die Anti-Viren-Software schl\u00e4gt Alarm und Sie wissen nicht, was zu tun ist?<\/p>\r\n                                    <p>\r\n                                      <br>\r\n                                    <\/p>\r\n                                  <\/div>\r\n                                <\/div>\r\n                              <\/div>\r\n                            <\/div>\r\n                          <\/div>\r\n                        <\/div>\r\n                      <\/div>\r\n                    <\/div>\r\n                  <\/div>\r\n                  <div id=\"wartung\" skip-smooth-scroll=\"true\" skip-scroll-spy=\"true\" data-colibri-id=\"356-c16\" class=\"h-tabs-item-content h-tabs-item h-tabs-content-horizontal h-tabs-content-356-c16 style-742 style-local-356-c16 position-relative h-element hide\">\r\n                    <!---->\r\n                    <div class=\"w-100 h-y-container\">\r\n                      <!---->\r\n                      <div data-colibri-id=\"356-c17\" class=\"h-row-container gutters-row-lg-3 gutters-row-md-3 gutters-row-2 gutters-row-v-lg-3 gutters-row-v-md-3 gutters-row-v-2 style-743 style-local-356-c17 position-relative\">\r\n                        <!---->\r\n                        <div class=\"h-row justify-content-lg-center justify-content-md-center justify-content-center align-items-lg-stretch align-items-md-stretch align-items-stretch gutters-col-lg-3 gutters-col-md-3 gutters-col-2 gutters-col-v-lg-3 gutters-col-v-md-3 gutters-col-v-2\">\r\n                          <!---->\r\n                          <div class=\"h-column h-column-container d-flex h-col-lg-auto h-col-md-auto h-col-auto style-744-outer style-local-356-c18-outer\">\r\n                            <div data-colibri-id=\"356-c18\" class=\"d-flex h-flex-basis h-column__inner h-px-lg-2 h-px-md-2 h-px-2 v-inner-lg-2 v-inner-md-2 v-inner-2 style-744 style-local-356-c18 position-relative\">\r\n                              <!---->\r\n                              <!---->\r\n                              <div class=\"w-100 h-y-container h-column__content h-column__v-align flex-basis-100 align-self-lg-start align-self-md-start align-self-start\">\r\n                                <!---->\r\n                                <div data-colibri-id=\"356-c19\" class=\"h-global-transition-all h-heading style-745 style-local-356-c19 position-relative h-element\">\r\n                                  <!---->\r\n                                  <div class=\"h-heading__outer style-745 style-local-356-c19\">\r\n                                    <!---->\r\n                                    <!---->\r\n                                    <h4 class=\"\">WARTUNG<\/h4>\r\n                                  <\/div>\r\n                                <\/div>\r\n                                <div data-colibri-id=\"356-c20\" class=\"h-text h-text-component style-746 style-local-356-c20 position-relative h-element\">\r\n                                  <!---->\r\n                                  <!---->\r\n                                  <div class=\"\">\r\n                                    <h5>Derzeit bieten wir Wartungen nur im Rahmen eines Wartungsvertrages an.<\/h5>\r\n                                  <\/div>\r\n                                <\/div>\r\n                              <\/div>\r\n                            <\/div>\r\n                          <\/div>\r\n                        <\/div>\r\n                      <\/div>\r\n                    <\/div>\r\n                  <\/div>\r\n                <\/div>\r\n              <\/div>\r\n            <\/div>\r\n          <\/div>\r\n        <\/div>\r\n      <\/div>\r\n    <\/div>\r\n  <\/div>\r\n<\/div>","protected":false},"excerpt":{"rendered":"<p>Betreuung Anwendersupport Wartung Unser Team von erfahrenen Systeminformatiker steht f\u00fcr die Betreuung und Wartung Ihrer IT-Anlage bereit. NETZWERKE Wir betreuen und warten Ihr Netzwerk so, dass ein gr\u00f6\u00dftm\u00f6glicher Schutz vor Ausfall des Systems oder einzelner Komponenten gegeben ist. Dazu setzen wir spezielle Software ein, die sich anbahnende Probleme fr\u00fchzeitig erkennt und an uns meldet. ARBEITSPLATZ-EINRICHTUNG [&hellip;]<\/p>\n","protected":false},"author":1,"featured_media":0,"parent":0,"menu_order":0,"comment_status":"closed","ping_status":"closed","template":"page-templates\/full-width-page.php","meta":{"footnotes":""},"class_list":["post-356","page","type-page","status-publish","hentry"],"yoast_head":"<!-- This site is optimized with the Yoast SEO plugin v26.7 - https:\/\/yoast.com\/wordpress\/plugins\/seo\/ -->\n<title>Beratung und Betreuung - Computer Technik Krause GmbH<\/title>\n<meta name=\"robots\" content=\"index, follow, max-snippet:-1, max-image-preview:large, max-video-preview:-1\" \/>\n<link rel=\"canonical\" href=\"https:\/\/www.computer-technik-krause.de\/index.php\/betreuung-und-wartung\/\" \/>\n<meta property=\"og:locale\" content=\"de_DE\" \/>\n<meta property=\"og:type\" content=\"article\" \/>\n<meta property=\"og:title\" content=\"Beratung und Betreuung - Computer Technik Krause GmbH\" \/>\n<meta property=\"og:description\" content=\"Betreuung Anwendersupport Wartung Unser Team von erfahrenen Systeminformatiker steht f\u00fcr die Betreuung und Wartung Ihrer IT-Anlage bereit. NETZWERKE Wir betreuen und warten Ihr Netzwerk so, dass ein gr\u00f6\u00dftm\u00f6glicher Schutz vor Ausfall des Systems oder einzelner Komponenten gegeben ist. Dazu setzen wir spezielle Software ein, die sich anbahnende Probleme fr\u00fchzeitig erkennt und an uns meldet. ARBEITSPLATZ-EINRICHTUNG [&hellip;]\" \/>\n<meta property=\"og:url\" content=\"https:\/\/www.computer-technik-krause.de\/index.php\/betreuung-und-wartung\/\" \/>\n<meta property=\"og:site_name\" content=\"Computer Technik Krause GmbH\" \/>\n<meta property=\"article:modified_time\" content=\"2025-10-14T11:04:41+00:00\" \/>\n<meta name=\"twitter:card\" content=\"summary_large_image\" \/>\n<meta name=\"twitter:label1\" content=\"Gesch\u00e4tzte Lesezeit\" \/>\n\t<meta name=\"twitter:data1\" content=\"2\u00a0Minuten\" \/>\n<script type=\"application\/ld+json\" class=\"yoast-schema-graph\">{\"@context\":\"https:\/\/schema.org\",\"@graph\":[{\"@type\":\"WebPage\",\"@id\":\"https:\/\/www.computer-technik-krause.de\/index.php\/betreuung-und-wartung\/\",\"url\":\"https:\/\/www.computer-technik-krause.de\/index.php\/betreuung-und-wartung\/\",\"name\":\"Beratung und Betreuung - Computer Technik Krause GmbH\",\"isPartOf\":{\"@id\":\"https:\/\/www.computer-technik-krause.de\/#website\"},\"datePublished\":\"2024-03-25T13:14:44+00:00\",\"dateModified\":\"2025-10-14T11:04:41+00:00\",\"breadcrumb\":{\"@id\":\"https:\/\/www.computer-technik-krause.de\/index.php\/betreuung-und-wartung\/#breadcrumb\"},\"inLanguage\":\"de\",\"potentialAction\":[{\"@type\":\"ReadAction\",\"target\":[\"https:\/\/www.computer-technik-krause.de\/index.php\/betreuung-und-wartung\/\"]}]},{\"@type\":\"BreadcrumbList\",\"@id\":\"https:\/\/www.computer-technik-krause.de\/index.php\/betreuung-und-wartung\/#breadcrumb\",\"itemListElement\":[{\"@type\":\"ListItem\",\"position\":1,\"name\":\"Startseite\",\"item\":\"https:\/\/www.computer-technik-krause.de\/\"},{\"@type\":\"ListItem\",\"position\":2,\"name\":\"Beratung und Betreuung\"}]},{\"@type\":\"WebSite\",\"@id\":\"https:\/\/www.computer-technik-krause.de\/#website\",\"url\":\"https:\/\/www.computer-technik-krause.de\/\",\"name\":\"Computer Technik Krause GmbH\",\"description\":\"IT-Dienstleister f\u00fcr Oberhausen, Neuburg und Umgebung | F\u00fcr Privatkunden und Gesch\u00e4ftskunden\",\"publisher\":{\"@id\":\"https:\/\/www.computer-technik-krause.de\/#organization\"},\"potentialAction\":[{\"@type\":\"SearchAction\",\"target\":{\"@type\":\"EntryPoint\",\"urlTemplate\":\"https:\/\/www.computer-technik-krause.de\/?s={search_term_string}\"},\"query-input\":{\"@type\":\"PropertyValueSpecification\",\"valueRequired\":true,\"valueName\":\"search_term_string\"}}],\"inLanguage\":\"de\"},{\"@type\":\"Organization\",\"@id\":\"https:\/\/www.computer-technik-krause.de\/#organization\",\"name\":\"Computer Technik Krause GmbH\",\"url\":\"https:\/\/www.computer-technik-krause.de\/\",\"logo\":{\"@type\":\"ImageObject\",\"inLanguage\":\"de\",\"@id\":\"https:\/\/www.computer-technik-krause.de\/#\/schema\/logo\/image\/\",\"url\":\"https:\/\/www.computer-technik-krause.de\/wp-content\/uploads\/2024\/03\/CTK-Logo-Gravur.png\",\"contentUrl\":\"https:\/\/www.computer-technik-krause.de\/wp-content\/uploads\/2024\/03\/CTK-Logo-Gravur.png\",\"width\":931,\"height\":916,\"caption\":\"Computer Technik Krause GmbH\"},\"image\":{\"@id\":\"https:\/\/www.computer-technik-krause.de\/#\/schema\/logo\/image\/\"}}]}<\/script>\n<!-- \/ Yoast SEO plugin. -->","yoast_head_json":{"title":"Beratung und Betreuung - Computer Technik Krause GmbH","robots":{"index":"index","follow":"follow","max-snippet":"max-snippet:-1","max-image-preview":"max-image-preview:large","max-video-preview":"max-video-preview:-1"},"canonical":"https:\/\/www.computer-technik-krause.de\/index.php\/betreuung-und-wartung\/","og_locale":"de_DE","og_type":"article","og_title":"Beratung und Betreuung - Computer Technik Krause GmbH","og_description":"Betreuung Anwendersupport Wartung Unser Team von erfahrenen Systeminformatiker steht f\u00fcr die Betreuung und Wartung Ihrer IT-Anlage bereit. NETZWERKE Wir betreuen und warten Ihr Netzwerk so, dass ein gr\u00f6\u00dftm\u00f6glicher Schutz vor Ausfall des Systems oder einzelner Komponenten gegeben ist. Dazu setzen wir spezielle Software ein, die sich anbahnende Probleme fr\u00fchzeitig erkennt und an uns meldet. ARBEITSPLATZ-EINRICHTUNG [&hellip;]","og_url":"https:\/\/www.computer-technik-krause.de\/index.php\/betreuung-und-wartung\/","og_site_name":"Computer Technik Krause GmbH","article_modified_time":"2025-10-14T11:04:41+00:00","twitter_card":"summary_large_image","twitter_misc":{"Gesch\u00e4tzte Lesezeit":"2\u00a0Minuten"},"schema":{"@context":"https:\/\/schema.org","@graph":[{"@type":"WebPage","@id":"https:\/\/www.computer-technik-krause.de\/index.php\/betreuung-und-wartung\/","url":"https:\/\/www.computer-technik-krause.de\/index.php\/betreuung-und-wartung\/","name":"Beratung und Betreuung - Computer Technik Krause GmbH","isPartOf":{"@id":"https:\/\/www.computer-technik-krause.de\/#website"},"datePublished":"2024-03-25T13:14:44+00:00","dateModified":"2025-10-14T11:04:41+00:00","breadcrumb":{"@id":"https:\/\/www.computer-technik-krause.de\/index.php\/betreuung-und-wartung\/#breadcrumb"},"inLanguage":"de","potentialAction":[{"@type":"ReadAction","target":["https:\/\/www.computer-technik-krause.de\/index.php\/betreuung-und-wartung\/"]}]},{"@type":"BreadcrumbList","@id":"https:\/\/www.computer-technik-krause.de\/index.php\/betreuung-und-wartung\/#breadcrumb","itemListElement":[{"@type":"ListItem","position":1,"name":"Startseite","item":"https:\/\/www.computer-technik-krause.de\/"},{"@type":"ListItem","position":2,"name":"Beratung und Betreuung"}]},{"@type":"WebSite","@id":"https:\/\/www.computer-technik-krause.de\/#website","url":"https:\/\/www.computer-technik-krause.de\/","name":"Computer Technik Krause GmbH","description":"IT-Dienstleister f\u00fcr Oberhausen, Neuburg und Umgebung | F\u00fcr Privatkunden und Gesch\u00e4ftskunden","publisher":{"@id":"https:\/\/www.computer-technik-krause.de\/#organization"},"potentialAction":[{"@type":"SearchAction","target":{"@type":"EntryPoint","urlTemplate":"https:\/\/www.computer-technik-krause.de\/?s={search_term_string}"},"query-input":{"@type":"PropertyValueSpecification","valueRequired":true,"valueName":"search_term_string"}}],"inLanguage":"de"},{"@type":"Organization","@id":"https:\/\/www.computer-technik-krause.de\/#organization","name":"Computer Technik Krause GmbH","url":"https:\/\/www.computer-technik-krause.de\/","logo":{"@type":"ImageObject","inLanguage":"de","@id":"https:\/\/www.computer-technik-krause.de\/#\/schema\/logo\/image\/","url":"https:\/\/www.computer-technik-krause.de\/wp-content\/uploads\/2024\/03\/CTK-Logo-Gravur.png","contentUrl":"https:\/\/www.computer-technik-krause.de\/wp-content\/uploads\/2024\/03\/CTK-Logo-Gravur.png","width":931,"height":916,"caption":"Computer Technik Krause GmbH"},"image":{"@id":"https:\/\/www.computer-technik-krause.de\/#\/schema\/logo\/image\/"}}]}},"_links":{"self":[{"href":"https:\/\/www.computer-technik-krause.de\/index.php\/wp-json\/wp\/v2\/pages\/356","targetHints":{"allow":["GET"]}}],"collection":[{"href":"https:\/\/www.computer-technik-krause.de\/index.php\/wp-json\/wp\/v2\/pages"}],"about":[{"href":"https:\/\/www.computer-technik-krause.de\/index.php\/wp-json\/wp\/v2\/types\/page"}],"author":[{"embeddable":true,"href":"https:\/\/www.computer-technik-krause.de\/index.php\/wp-json\/wp\/v2\/users\/1"}],"replies":[{"embeddable":true,"href":"https:\/\/www.computer-technik-krause.de\/index.php\/wp-json\/wp\/v2\/comments?post=356"}],"version-history":[{"count":11,"href":"https:\/\/www.computer-technik-krause.de\/index.php\/wp-json\/wp\/v2\/pages\/356\/revisions"}],"predecessor-version":[{"id":2542,"href":"https:\/\/www.computer-technik-krause.de\/index.php\/wp-json\/wp\/v2\/pages\/356\/revisions\/2542"}],"wp:attachment":[{"href":"https:\/\/www.computer-technik-krause.de\/index.php\/wp-json\/wp\/v2\/media?parent=356"}],"curies":[{"name":"wp","href":"https:\/\/api.w.org\/{rel}","templated":true}]}}